{"id":301,"date":"2017-12-31T18:55:38","date_gmt":"2017-12-31T18:55:38","guid":{"rendered":"http:\/\/davidcortes.cl\/?page_id=301"},"modified":"2024-04-26T23:05:07","modified_gmt":"2024-04-26T23:05:07","slug":"otros-trabajos","status":"publish","type":"page","link":"https:\/\/davidcortes.cl\/index.php\/otros-trabajos\/","title":{"rendered":"Otros trabajos"},"content":{"rendered":"\t\t<div data-elementor-type=\"wp-page\" data-elementor-id=\"301\" class=\"elementor elementor-301\">\n\t\t\t\t\t\t<section class=\"elementor-section elementor-top-section elementor-element elementor-element-1738d3ba elementor-section-boxed elementor-section-height-default elementor-section-height-default\" data-id=\"1738d3ba\" data-element_type=\"section\">\n\t\t\t\t\t\t<div class=\"elementor-container elementor-column-gap-default\">\n\t\t\t\t\t<div class=\"elementor-column elementor-col-100 elementor-top-column elementor-element elementor-element-5b15f66e\" data-id=\"5b15f66e\" data-element_type=\"column\">\n\t\t\t<div class=\"elementor-widget-wrap\">\n\t\t\t\t\t\t\t<\/div>\n\t\t<\/div>\n\t\t\t\t\t<\/div>\n\t\t<\/section>\n\t\t<div class=\"elementor-element elementor-element-313d34f e-flex e-con-boxed e-con e-parent\" data-id=\"313d34f\" data-element_type=\"container\">\n\t\t\t\t\t<div class=\"e-con-inner\">\n\t\t\t\t<div class=\"elementor-element elementor-element-9be84d5 elementor-widget elementor-widget-heading\" data-id=\"9be84d5\" data-element_type=\"widget\" data-widget_type=\"heading.default\">\n\t\t\t\t<div class=\"elementor-widget-container\">\n\t\t\t<style>\/*! elementor - v3.21.0 - 01-04-2024 *\/\n.elementor-heading-title{padding:0;margin:0;line-height:1}.elementor-widget-heading .elementor-heading-title[class*=elementor-size-]>a{color:inherit;font-size:inherit;line-height:inherit}.elementor-widget-heading .elementor-heading-title.elementor-size-small{font-size:15px}.elementor-widget-heading .elementor-heading-title.elementor-size-medium{font-size:19px}.elementor-widget-heading .elementor-heading-title.elementor-size-large{font-size:29px}.elementor-widget-heading .elementor-heading-title.elementor-size-xl{font-size:39px}.elementor-widget-heading .elementor-heading-title.elementor-size-xxl{font-size:59px}<\/style><h2 class=\"elementor-heading-title elementor-size-default\">2023 - Orquestaci\u00f3n obra \"Cantur\u00eda de mi Sangre\" obra original de Kike Galdames<\/h2>\t\t<\/div>\n\t\t\t\t<\/div>\n\t\t\t\t\t<\/div>\n\t\t\t\t<\/div>\n\t\t<div class=\"elementor-element elementor-element-194318b e-flex e-con-boxed e-con e-parent\" data-id=\"194318b\" data-element_type=\"container\">\n\t\t\t\t\t<div class=\"e-con-inner\">\n\t\t<div class=\"elementor-element elementor-element-d2ae33d e-con-full e-flex e-con e-child\" data-id=\"d2ae33d\" data-element_type=\"container\">\n\t\t\t\t<div class=\"elementor-element elementor-element-f264a0f elementor-widget elementor-widget-text-editor\" data-id=\"f264a0f\" data-element_type=\"widget\" data-widget_type=\"text-editor.default\">\n\t\t\t\t<div class=\"elementor-widget-container\">\n\t\t\t<style>\/*! elementor - v3.21.0 - 01-04-2024 *\/\n.elementor-widget-text-editor.elementor-drop-cap-view-stacked .elementor-drop-cap{background-color:#69727d;color:#fff}.elementor-widget-text-editor.elementor-drop-cap-view-framed .elementor-drop-cap{color:#69727d;border:3px solid;background-color:transparent}.elementor-widget-text-editor:not(.elementor-drop-cap-view-default) .elementor-drop-cap{margin-top:8px}.elementor-widget-text-editor:not(.elementor-drop-cap-view-default) .elementor-drop-cap-letter{width:1em;height:1em}.elementor-widget-text-editor .elementor-drop-cap{float:left;text-align:center;line-height:1;font-size:50px}.elementor-widget-text-editor .elementor-drop-cap-letter{display:inline-block}<\/style>\t\t\t\t<p>Por encargo del ex integrante de Illapu, Kike Galdames, orquest\u00e9 once canciones que forman parte de la obra titulada &#8220;Cantur\u00eda de mi sangre&#8221; que utiliza textos de Gabriel Mistral. Seg\u00fan palabras del compositor \u201c<em>Cantur\u00eda de mi sangre<\/em> es una obra sinf\u00f3nica que toma varios poemas de nuestra querida Gabriela y los transforma en m\u00fasica con diversas tonalidades y piezas, en donde muchas veces la misma poetisa interviene declamando o hasta cantando\u201d.<\/p>\t\t\t\t\t\t<\/div>\n\t\t\t\t<\/div>\n\t\t\t\t<\/div>\n\t\t<div class=\"elementor-element elementor-element-cbae26d e-con-full e-flex e-con e-child\" data-id=\"cbae26d\" data-element_type=\"container\">\n\t\t\t\t<div class=\"elementor-element elementor-element-523b367 elementor-widget elementor-widget-video\" data-id=\"523b367\" data-element_type=\"widget\" data-settings=\"{&quot;youtube_url&quot;:&quot;https:\\\/\\\/www.youtube.com\\\/watch?v=KQjKUuN3Dsw&quot;,&quot;video_type&quot;:&quot;youtube&quot;,&quot;controls&quot;:&quot;yes&quot;}\" data-widget_type=\"video.default\">\n\t\t\t\t<div class=\"elementor-widget-container\">\n\t\t\t<style>\/*! elementor - v3.21.0 - 01-04-2024 *\/\n.elementor-widget-video .elementor-widget-container{overflow:hidden;transform:translateZ(0)}.elementor-widget-video .elementor-wrapper{aspect-ratio:var(--video-aspect-ratio)}.elementor-widget-video .elementor-wrapper iframe,.elementor-widget-video .elementor-wrapper video{height:100%;width:100%;display:flex;border:none;background-color:#000}@supports not (aspect-ratio:1\/1){.elementor-widget-video .elementor-wrapper{position:relative;overflow:hidden;height:0;padding-bottom:calc(100% \/ var(--video-aspect-ratio))}.elementor-widget-video .elementor-wrapper iframe,.elementor-widget-video .elementor-wrapper video{position:absolute;top:0;right:0;bottom:0;left:0}}.elementor-widget-video .elementor-open-inline .elementor-custom-embed-image-overlay{position:absolute;top:0;right:0;bottom:0;left:0;background-size:cover;background-position:50%}.elementor-widget-video .elementor-custom-embed-image-overlay{cursor:pointer;text-align:center}.elementor-widget-video .elementor-custom-embed-image-overlay:hover .elementor-custom-embed-play i{opacity:1}.elementor-widget-video .elementor-custom-embed-image-overlay img{display:block;width:100%;aspect-ratio:var(--video-aspect-ratio);-o-object-fit:cover;object-fit:cover;-o-object-position:center center;object-position:center center}@supports not (aspect-ratio:1\/1){.elementor-widget-video .elementor-custom-embed-image-overlay{position:relative;overflow:hidden;height:0;padding-bottom:calc(100% \/ var(--video-aspect-ratio))}.elementor-widget-video .elementor-custom-embed-image-overlay img{position:absolute;top:0;right:0;bottom:0;left:0}}.elementor-widget-video .e-hosted-video .elementor-video{-o-object-fit:cover;object-fit:cover}.e-con-inner>.elementor-widget-video,.e-con>.elementor-widget-video{width:var(--container-widget-width);--flex-grow:var(--container-widget-flex-grow)}<\/style>\t\t<div class=\"elementor-wrapper elementor-open-inline\">\n\t\t\t<div class=\"elementor-video\"><\/div>\t\t<\/div>\n\t\t\t\t<\/div>\n\t\t\t\t<\/div>\n\t\t\t\t<\/div>\n\t\t\t\t\t<\/div>\n\t\t\t\t<\/div>\n\t\t<div class=\"elementor-element elementor-element-6d65fe5 e-flex e-con-boxed e-con e-parent\" data-id=\"6d65fe5\" data-element_type=\"container\">\n\t\t\t\t\t<div class=\"e-con-inner\">\n\t\t\t\t<div class=\"elementor-element elementor-element-bcf2318 elementor-widget elementor-widget-heading\" data-id=\"bcf2318\" data-element_type=\"widget\" data-widget_type=\"heading.default\">\n\t\t\t\t<div class=\"elementor-widget-container\">\n\t\t\t<h2 class=\"elementor-heading-title elementor-size-default\">2023 - Orquestaci\u00f3n cuatro canciones del grupo nacional los Cuatro Cuartos<\/h2>\t\t<\/div>\n\t\t\t\t<\/div>\n\t\t\t\t\t<\/div>\n\t\t\t\t<\/div>\n\t\t<div class=\"elementor-element elementor-element-b0c8aee e-flex e-con-boxed e-con e-parent\" data-id=\"b0c8aee\" data-element_type=\"container\">\n\t\t\t\t\t<div class=\"e-con-inner\">\n\t\t<div class=\"elementor-element elementor-element-d003758 e-con-full e-flex e-con e-child\" data-id=\"d003758\" data-element_type=\"container\">\n\t\t\t\t<div class=\"elementor-element elementor-element-8d3f66b elementor-widget elementor-widget-image\" data-id=\"8d3f66b\" data-element_type=\"widget\" data-widget_type=\"image.default\">\n\t\t\t\t<div class=\"elementor-widget-container\">\n\t\t\t<style>\/*! elementor - v3.21.0 - 01-04-2024 *\/\n.elementor-widget-image{text-align:center}.elementor-widget-image a{display:inline-block}.elementor-widget-image a img[src$=\".svg\"]{width:48px}.elementor-widget-image img{vertical-align:middle;display:inline-block}<\/style>\t\t\t\t\t\t\t\t\t\t\t<a href=\"https:\/\/www.instagram.com\/reel\/CxE-sIPoSxp\/?igsh=cTFuaGFnNzVldXd3\">\n\t\t\t\t\t\t\t<img fetchpriority=\"high\" decoding=\"async\" width=\"960\" height=\"481\" src=\"https:\/\/davidcortes.cl\/wp-content\/uploads\/2024\/04\/Captura-de-pantalla-2024-04-26-a-las-18.26.15-1024x513.png\" class=\"elementor-animation-shrink attachment-large size-large wp-image-1851\" alt=\"\" srcset=\"https:\/\/davidcortes.cl\/wp-content\/uploads\/2024\/04\/Captura-de-pantalla-2024-04-26-a-las-18.26.15-1024x513.png 1024w, https:\/\/davidcortes.cl\/wp-content\/uploads\/2024\/04\/Captura-de-pantalla-2024-04-26-a-las-18.26.15-300x150.png 300w, https:\/\/davidcortes.cl\/wp-content\/uploads\/2024\/04\/Captura-de-pantalla-2024-04-26-a-las-18.26.15-768x384.png 768w, https:\/\/davidcortes.cl\/wp-content\/uploads\/2024\/04\/Captura-de-pantalla-2024-04-26-a-las-18.26.15-1536x769.png 1536w, https:\/\/davidcortes.cl\/wp-content\/uploads\/2024\/04\/Captura-de-pantalla-2024-04-26-a-las-18.26.15-1080x540.png 1080w, https:\/\/davidcortes.cl\/wp-content\/uploads\/2024\/04\/Captura-de-pantalla-2024-04-26-a-las-18.26.15-1140x571.png 1140w, https:\/\/davidcortes.cl\/wp-content\/uploads\/2024\/04\/Captura-de-pantalla-2024-04-26-a-las-18.26.15.png 1926w\" sizes=\"(max-width: 960px) 100vw, 960px\" \/>\t\t\t\t\t\t\t\t<\/a>\n\t\t\t\t\t\t\t\t\t\t\t\t\t<\/div>\n\t\t\t\t<\/div>\n\t\t\t\t<\/div>\n\t\t<div class=\"elementor-element elementor-element-9591447 e-con-full e-flex e-con e-child\" data-id=\"9591447\" data-element_type=\"container\">\n\t\t\t\t<div class=\"elementor-element elementor-element-e35b1b9 elementor-widget elementor-widget-text-editor\" data-id=\"e35b1b9\" data-element_type=\"widget\" data-widget_type=\"text-editor.default\">\n\t\t\t\t<div class=\"elementor-widget-container\">\n\t\t\t\t\t\t\t<p>Orquest\u00e9 las canciones <em>Adi\u00f3s Santiago querido<\/em>,\u00a0<em>El\u00a0<\/em><i>corralero, Ende que te vi\u00a0<\/i>y\u00a0<em>Que bonita va. Utilizando una plantilla orquesta sinf\u00f3nica: cuerdas, maderas , bronces, <\/em><i>percusi\u00f3n, arpa y piano.\u00a0<\/i><\/p>\t\t\t\t\t\t<\/div>\n\t\t\t\t<\/div>\n\t\t\t\t<\/div>\n\t\t\t\t\t<\/div>\n\t\t\t\t<\/div>\n\t\t<div class=\"elementor-element elementor-element-b362934 e-flex e-con-boxed e-con e-parent\" data-id=\"b362934\" data-element_type=\"container\">\n\t\t\t\t\t<div class=\"e-con-inner\">\n\t\t\t\t<div class=\"elementor-element elementor-element-b449cc5 elementor-widget elementor-widget-heading\" data-id=\"b449cc5\" data-element_type=\"widget\" data-widget_type=\"heading.default\">\n\t\t\t\t<div class=\"elementor-widget-container\">\n\t\t\t<h2 class=\"elementor-heading-title elementor-size-default\">2023 - Orquestaci\u00f3n canci\u00f3n \"Los Momentos\" de Eduardo Gatti<\/h2>\t\t<\/div>\n\t\t\t\t<\/div>\n\t\t\t\t\t<\/div>\n\t\t\t\t<\/div>\n\t\t<div class=\"elementor-element elementor-element-64a882c e-flex e-con-boxed e-con e-parent\" data-id=\"64a882c\" data-element_type=\"container\">\n\t\t\t\t\t<div class=\"e-con-inner\">\n\t\t<div class=\"elementor-element elementor-element-8241f64 e-con-full e-flex e-con e-child\" data-id=\"8241f64\" data-element_type=\"container\">\n\t\t\t\t<div class=\"elementor-element elementor-element-464ec83 elementor-widget elementor-widget-image\" data-id=\"464ec83\" data-element_type=\"widget\" data-widget_type=\"image.default\">\n\t\t\t\t<div class=\"elementor-widget-container\">\n\t\t\t\t\t\t\t\t\t\t\t\t\t\t<a href=\"https:\/\/aquisanantonio.cl\/cantautor-eduardo-gatti-sera-parte-de-la-gala-de-las-glorias-navales-en-santo-domingo\/\">\n\t\t\t\t\t\t\t<img decoding=\"async\" width=\"870\" height=\"1024\" src=\"https:\/\/davidcortes.cl\/wp-content\/uploads\/2024\/04\/Captura-de-pantalla-2024-04-26-a-las-18.45.38-870x1024.png\" class=\"elementor-animation-shrink attachment-large size-large wp-image-1858\" alt=\"\" srcset=\"https:\/\/davidcortes.cl\/wp-content\/uploads\/2024\/04\/Captura-de-pantalla-2024-04-26-a-las-18.45.38-870x1024.png 870w, https:\/\/davidcortes.cl\/wp-content\/uploads\/2024\/04\/Captura-de-pantalla-2024-04-26-a-las-18.45.38-255x300.png 255w, https:\/\/davidcortes.cl\/wp-content\/uploads\/2024\/04\/Captura-de-pantalla-2024-04-26-a-las-18.45.38-768x904.png 768w, https:\/\/davidcortes.cl\/wp-content\/uploads\/2024\/04\/Captura-de-pantalla-2024-04-26-a-las-18.45.38.png 948w\" sizes=\"(max-width: 870px) 100vw, 870px\" \/>\t\t\t\t\t\t\t\t<\/a>\n\t\t\t\t\t\t\t\t\t\t\t\t\t<\/div>\n\t\t\t\t<\/div>\n\t\t\t\t<\/div>\n\t\t<div class=\"elementor-element elementor-element-7fc4a36 e-con-full e-flex e-con e-child\" data-id=\"7fc4a36\" data-element_type=\"container\">\n\t\t\t\t<div class=\"elementor-element elementor-element-ec158f8 elementor-widget elementor-widget-image\" data-id=\"ec158f8\" data-element_type=\"widget\" data-widget_type=\"image.default\">\n\t\t\t\t<div class=\"elementor-widget-container\">\n\t\t\t\t\t\t\t\t\t\t<figure class=\"wp-caption\">\n\t\t\t\t\t\t\t\t\t\t<img decoding=\"async\" width=\"746\" height=\"1024\" src=\"https:\/\/davidcortes.cl\/wp-content\/uploads\/2024\/04\/Captura-de-pantalla-2024-04-26-a-las-18.56.59-746x1024.png\" class=\"attachment-large size-large wp-image-1862\" alt=\"\" srcset=\"https:\/\/davidcortes.cl\/wp-content\/uploads\/2024\/04\/Captura-de-pantalla-2024-04-26-a-las-18.56.59-746x1024.png 746w, https:\/\/davidcortes.cl\/wp-content\/uploads\/2024\/04\/Captura-de-pantalla-2024-04-26-a-las-18.56.59-219x300.png 219w, https:\/\/davidcortes.cl\/wp-content\/uploads\/2024\/04\/Captura-de-pantalla-2024-04-26-a-las-18.56.59-768x1054.png 768w, https:\/\/davidcortes.cl\/wp-content\/uploads\/2024\/04\/Captura-de-pantalla-2024-04-26-a-las-18.56.59.png 858w\" sizes=\"(max-width: 746px) 100vw, 746px\" \/>\t\t\t\t\t\t\t\t\t\t\t<figcaption class=\"widget-image-caption wp-caption-text\"><\/figcaption>\n\t\t\t\t\t\t\t\t\t\t<\/figure>\n\t\t\t\t\t\t\t<\/div>\n\t\t\t\t<\/div>\n\t\t\t\t<\/div>\n\t\t\t\t\t<\/div>\n\t\t\t\t<\/div>\n\t\t<div class=\"elementor-element elementor-element-cab2831 e-flex e-con-boxed e-con e-parent\" data-id=\"cab2831\" data-element_type=\"container\">\n\t\t\t\t\t<div class=\"e-con-inner\">\n\t\t\t\t<div class=\"elementor-element elementor-element-8cd8871 elementor-widget elementor-widget-heading\" data-id=\"8cd8871\" data-element_type=\"widget\" data-widget_type=\"heading.default\">\n\t\t\t\t<div class=\"elementor-widget-container\">\n\t\t\t<h2 class=\"elementor-heading-title elementor-size-default\">2017 - Arreglos musicales del musical \"Matilda\", m\u00fasica original Tim Minchin<\/h2>\t\t<\/div>\n\t\t\t\t<\/div>\n\t\t\t\t\t<\/div>\n\t\t\t\t<\/div>\n\t\t<div class=\"elementor-element elementor-element-d9d9752 e-flex e-con-boxed e-con e-parent\" data-id=\"d9d9752\" data-element_type=\"container\">\n\t\t\t\t\t<div class=\"e-con-inner\">\n\t\t<div class=\"elementor-element elementor-element-2dac931 e-con-full e-flex e-con e-child\" data-id=\"2dac931\" data-element_type=\"container\">\n\t\t\t\t<div class=\"elementor-element elementor-element-2db4185 elementor-widget elementor-widget-image\" data-id=\"2db4185\" data-element_type=\"widget\" data-widget_type=\"image.default\">\n\t\t\t\t<div class=\"elementor-widget-container\">\n\t\t\t\t\t\t\t\t\t\t\t\t\t<img loading=\"lazy\" decoding=\"async\" width=\"960\" height=\"471\" src=\"https:\/\/davidcortes.cl\/wp-content\/uploads\/2017\/12\/IMG_7556-1024x502.jpg\" class=\"attachment-large size-large wp-image-302\" alt=\"\" srcset=\"https:\/\/davidcortes.cl\/wp-content\/uploads\/2017\/12\/IMG_7556-1024x502.jpg 1024w, https:\/\/davidcortes.cl\/wp-content\/uploads\/2017\/12\/IMG_7556-300x147.jpg 300w, https:\/\/davidcortes.cl\/wp-content\/uploads\/2017\/12\/IMG_7556-768x377.jpg 768w, https:\/\/davidcortes.cl\/wp-content\/uploads\/2017\/12\/IMG_7556.jpg 1280w\" sizes=\"(max-width: 960px) 100vw, 960px\" \/>\t\t\t\t\t\t\t\t\t\t\t\t\t<\/div>\n\t\t\t\t<\/div>\n\t\t\t\t<\/div>\n\t\t<div class=\"elementor-element elementor-element-e747227 e-con-full e-flex e-con e-child\" data-id=\"e747227\" data-element_type=\"container\">\n\t\t\t\t<div class=\"elementor-element elementor-element-0efa726 elementor-widget elementor-widget-text-editor\" data-id=\"0efa726\" data-element_type=\"widget\" data-widget_type=\"text-editor.default\">\n\t\t\t\t<div class=\"elementor-widget-container\">\n\t\t\t\t\t\t\t<p>En esta nueva adaptaci\u00f3n realizada por la Fundaci\u00f3n FOBEJU, y bajo la direcci\u00f3n general de Mois\u00e9s Norambuena Nachari.\u00a0 Elabor\u00e9 la adaptaci\u00f3n musical de la partitura general, utilizando el siguiente org\u00e1nico: flauta traversa, saxo tenor, trompeta en sib, bater\u00eda, voces principales, coro, piano, cello y bajo el\u00e9ctrico.\u00a0<\/p>\t\t\t\t\t\t<\/div>\n\t\t\t\t<\/div>\n\t\t\t\t<\/div>\n\t\t\t\t\t<\/div>\n\t\t\t\t<\/div>\n\t\t<div class=\"elementor-element elementor-element-a76a56e e-flex e-con-boxed e-con e-parent\" data-id=\"a76a56e\" data-element_type=\"container\">\n\t\t\t\t\t<div class=\"e-con-inner\">\n\t\t\t\t<div class=\"elementor-element elementor-element-7adf239 elementor-widget elementor-widget-heading\" data-id=\"7adf239\" data-element_type=\"widget\" data-widget_type=\"heading.default\">\n\t\t\t\t<div class=\"elementor-widget-container\">\n\t\t\t<h2 class=\"elementor-heading-title elementor-size-default\">A\u00f1ade aqu\u00ed tu texto de cabecera<\/h2>\t\t<\/div>\n\t\t\t\t<\/div>\n\t\t\t\t\t<\/div>\n\t\t\t\t<\/div>\n\t\t\t\t<\/div>\n\t\t","protected":false},"excerpt":{"rendered":"<p>2023 &#8211; Orquestaci\u00f3n obra &#8220;Cantur\u00eda de mi Sangre&#8221; obra original de Kike Galdames Por encargo del ex integrante de Illapu, Kike Galdames, orquest\u00e9 once canciones que forman parte de la obra titulada &#8220;Cantur\u00eda de mi sangre&#8221; que utiliza textos de Gabriel Mistral. Seg\u00fan palabras del compositor \u201cCantur\u00eda de mi sangre es una obra sinf\u00f3nica que toma varios poemas de nuestra querida Gabriela y los transforma en m\u00fasica con diversas tonalidades y piezas, en donde muchas veces la misma poetisa interviene declamando o hasta cantando\u201d. https:\/\/www.youtube.com\/watch?v=KQjKUuN3Dsw 2023 &#8211; Orquestaci\u00f3n cuatro canciones del grupo nacional los Cuatro Cuartos Orquest\u00e9 las canciones Adi\u00f3s Santiago querido,\u00a0El\u00a0corralero, Ende que te vi\u00a0y\u00a0Que bonita va. Utilizando una plantilla orquesta sinf\u00f3nica: cuerdas, maderas , bronces, percusi\u00f3n, arpa y piano.\u00a0 2023 &#8211; Orquestaci\u00f3n canci\u00f3n &#8220;Los Momentos&#8221; de Eduardo Gatti 2017 &#8211; Arreglos musicales del musical &#8220;Matilda&#8221;, m\u00fasica original Tim Minchin En esta nueva adaptaci\u00f3n realizada por la Fundaci\u00f3n FOBEJU, y bajo la direcci\u00f3n general de Mois\u00e9s Norambuena Nachari.\u00a0 Elabor\u00e9 la adaptaci\u00f3n musical de la partitura general, utilizando el siguiente org\u00e1nico: flauta traversa, saxo tenor, trompeta en sib, bater\u00eda, voces principales, coro, piano, cello y bajo el\u00e9ctrico.\u00a0 A\u00f1ade aqu\u00ed tu texto de cabecera<\/p>\n","protected":false},"author":1,"featured_media":0,"parent":0,"menu_order":0,"comment_status":"closed","ping_status":"closed","template":"","meta":{"ngg_post_thumbnail":0,"footnotes":""},"_links":{"self":[{"href":"https:\/\/davidcortes.cl\/index.php\/wp-json\/wp\/v2\/pages\/301"}],"collection":[{"href":"https:\/\/davidcortes.cl\/index.php\/wp-json\/wp\/v2\/pages"}],"about":[{"href":"https:\/\/davidcortes.cl\/index.php\/wp-json\/wp\/v2\/types\/page"}],"author":[{"embeddable":true,"href":"https:\/\/davidcortes.cl\/index.php\/wp-json\/wp\/v2\/users\/1"}],"replies":[{"embeddable":true,"href":"https:\/\/davidcortes.cl\/index.php\/wp-json\/wp\/v2\/comments?post=301"}],"version-history":[{"count":62,"href":"https:\/\/davidcortes.cl\/index.php\/wp-json\/wp\/v2\/pages\/301\/revisions"}],"predecessor-version":[{"id":1874,"href":"https:\/\/davidcortes.cl\/index.php\/wp-json\/wp\/v2\/pages\/301\/revisions\/1874"}],"wp:attachment":[{"href":"https:\/\/davidcortes.cl\/index.php\/wp-json\/wp\/v2\/media?parent=301"}],"curies":[{"name":"wp","href":"https:\/\/api.w.org\/{rel}","templated":true}]}}