{"id":8,"date":"2017-11-12T02:19:06","date_gmt":"2017-11-12T02:19:06","guid":{"rendered":"http:\/\/davidcortes.cl\/?page_id=8"},"modified":"2021-04-12T22:15:48","modified_gmt":"2021-04-12T22:15:48","slug":"about","status":"publish","type":"page","link":"https:\/\/davidcortes.cl\/index.php\/about\/","title":{"rendered":"Rese\u00f1a"},"content":{"rendered":"\t\t<div data-elementor-type=\"wp-page\" data-elementor-id=\"8\" class=\"elementor elementor-8\">\n\t\t\t\t\t\t<section class=\"elementor-section elementor-top-section elementor-element elementor-element-6c5811ca elementor-section-boxed elementor-section-height-default elementor-section-height-default\" data-id=\"6c5811ca\" data-element_type=\"section\">\n\t\t\t\t\t\t<div class=\"elementor-container elementor-column-gap-default\">\n\t\t\t\t\t<div class=\"elementor-column elementor-col-100 elementor-top-column elementor-element elementor-element-27dd991c\" data-id=\"27dd991c\" data-element_type=\"column\">\n\t\t\t<div class=\"elementor-widget-wrap elementor-element-populated\">\n\t\t\t\t\t\t<section class=\"elementor-section elementor-inner-section elementor-element elementor-element-3784401 elementor-section-boxed elementor-section-height-default elementor-section-height-default\" data-id=\"3784401\" data-element_type=\"section\">\n\t\t\t\t\t\t<div class=\"elementor-container elementor-column-gap-default\">\n\t\t\t\t\t<div class=\"elementor-column elementor-col-50 elementor-inner-column elementor-element elementor-element-690e55a\" data-id=\"690e55a\" data-element_type=\"column\">\n\t\t\t<div class=\"elementor-widget-wrap elementor-element-populated\">\n\t\t\t\t\t\t<div class=\"elementor-element elementor-element-4451fdf elementor-widget elementor-widget-image\" data-id=\"4451fdf\" data-element_type=\"widget\" data-widget_type=\"image.default\">\n\t\t\t\t<div class=\"elementor-widget-container\">\n\t\t\t<style>\/*! elementor - v3.21.0 - 01-04-2024 *\/\n.elementor-widget-image{text-align:center}.elementor-widget-image a{display:inline-block}.elementor-widget-image a img[src$=\".svg\"]{width:48px}.elementor-widget-image img{vertical-align:middle;display:inline-block}<\/style>\t\t\t\t\t\t\t\t\t\t<img fetchpriority=\"high\" decoding=\"async\" width=\"567\" height=\"558\" src=\"https:\/\/davidcortes.cl\/wp-content\/uploads\/2021\/04\/David-Corte\u0301s.png\" class=\"elementor-animation-grow attachment-large size-large wp-image-593\" alt=\"\" srcset=\"https:\/\/davidcortes.cl\/wp-content\/uploads\/2021\/04\/David-Corte\u0301s.png 567w, https:\/\/davidcortes.cl\/wp-content\/uploads\/2021\/04\/David-Corte\u0301s-300x295.png 300w, https:\/\/davidcortes.cl\/wp-content\/uploads\/2021\/04\/David-Corte\u0301s-75x75.png 75w\" sizes=\"(max-width: 567px) 100vw, 567px\" \/>\t\t\t\t\t\t\t\t\t\t\t\t\t<\/div>\n\t\t\t\t<\/div>\n\t\t\t\t\t<\/div>\n\t\t<\/div>\n\t\t\t\t<div class=\"elementor-column elementor-col-50 elementor-inner-column elementor-element elementor-element-fda9b54\" data-id=\"fda9b54\" data-element_type=\"column\">\n\t\t\t<div class=\"elementor-widget-wrap elementor-element-populated\">\n\t\t\t\t\t\t<div class=\"elementor-element elementor-element-c3bd9c2 elementor-widget elementor-widget-text-editor\" data-id=\"c3bd9c2\" data-element_type=\"widget\" data-widget_type=\"text-editor.default\">\n\t\t\t\t<div class=\"elementor-widget-container\">\n\t\t\t<style>\/*! elementor - v3.21.0 - 01-04-2024 *\/\n.elementor-widget-text-editor.elementor-drop-cap-view-stacked .elementor-drop-cap{background-color:#69727d;color:#fff}.elementor-widget-text-editor.elementor-drop-cap-view-framed .elementor-drop-cap{color:#69727d;border:3px solid;background-color:transparent}.elementor-widget-text-editor:not(.elementor-drop-cap-view-default) .elementor-drop-cap{margin-top:8px}.elementor-widget-text-editor:not(.elementor-drop-cap-view-default) .elementor-drop-cap-letter{width:1em;height:1em}.elementor-widget-text-editor .elementor-drop-cap{float:left;text-align:center;line-height:1;font-size:50px}.elementor-widget-text-editor .elementor-drop-cap-letter{display:inline-block}<\/style>\t\t\t\t<div class=\"page\" title=\"Page 1\">\n<div class=\"section\">\n<div class=\"layoutArea\">\n<div class=\"column\">\n<p>Compositor chileno, Magister en Artes con menci\u00f3n en Composici\u00f3n Musical y Licenciado en Composici\u00f3n en la Universidad de Chile, estudios realizados bajo la gu\u00eda del compositor Fernando Carrasco. Obtuvo el primer lugar en el g\u00e9nero cl\u00e1sico del VII Concurso de Composici\u00f3n Luis Advis, organizado por el Consejo de la Cultura y las Artes del Gobierno de Chile. Estren\u00f3 obras ejecutadas por importantes int\u00e9rpretes y orquestas nacionales e internacionales, destacando a la cantante Carmen Luisa Letelier, las violista Penelope Knuth y Georgina Rossi, el pianista Italiano Stefano Nozzoli y la Orquesta de C\u00e1mara de Chile.<span class=\"Apple-converted-space\">\u00a0<\/span><\/p>\n<\/div>\n<\/div>\n<\/div>\n<\/div>\n<p>Ingres\u00f3 a la\u00a0<a href=\"http:\/\/www.anc-chile.cl\/\" target=\"_blank\" rel=\"noreferrer noopener\" data-type=\"URL\" data-id=\"www.anc-chile.cl\">Asociaci\u00f3n Nacional de Compositores-Chile (ANC)<\/a>\u00a0en el a\u00f1o 2011 y en el 2014 fue nombrado parte del directorio. Entre los a\u00f1os 2012 &#8211; 2015 preside la\u00a0<a href=\"http:\/\/www.germinaciones.org\/\" target=\"_blank\" rel=\"noreferrer noopener\" data-type=\"URL\" data-id=\"http:\/\/www.germinaciones.org\/\">Ong Germina.Cciones Chile,\u00a0<\/a>organizadores del curso de perfeccionamiento en composici\u00f3n\u00a0<a href=\"http:\/\/www.germinaciones.org\/chile\/copiu_2015.html\" target=\"_blank\" rel=\"noreferrer noopener\">COPIU<\/a>\u00a0y el\u00a0<a href=\"http:\/\/prismas.germinaciones.org\/realizados.html#2015_chile\" target=\"_blank\" rel=\"noreferrer noopener\" data-type=\"URL\" data-id=\"http:\/\/prismas.germinaciones.org\/realizados.html#2015_chile\">Festival Prismas<\/a>\u00a0realizados en el GAM y dependencias de la Universidad Metropolitana de la Ciencias de la Educaci\u00f3n (UMCE).\u00a0<\/p>\n<p>Particip\u00f3 como jurado seleccionador de obras del XV Festival Internacional de M\u00fasica Contempor\u00e1nea organizado por la Facultad de Artes de la Universidad de Chile y en la tercera versi\u00f3n del Concurso de Composici\u00f3n Carlos Riesco, de la Academia de Bellas Artes. En octubre del a\u00f1o 2014 fue entrevistado para el programa Pentagrama de la radio USACH por Walter Krumbach, grabando 25 minutos de conversaci\u00f3n sobre su trayectoria como compositor y 30 minutos de m\u00fasica propia. En el 2015 aprob\u00f3 con distinci\u00f3n m\u00e1xima la defensa de su tesis de Mag\u00edster. Dicho estudios fueron financiados en parte por la beca Conicyt adjudicada el a\u00f1o 2014.\u00a0<\/p>\n<p>Su desarrollo como docente, se enfoc\u00f3 en los cursos de lectura musical impartidos en los proyectos de orquesta de la Municipalidad de Santo Domingo y Curic\u00f3. Otro aporte en su experiencia acad\u00e9mica, fue la ponencia que realiz\u00f3 en las Jornadas Argentinas de M\u00fasica Contempor\u00e1nea e Investigaci\u00f3n JAMCI 2018, presentando su art\u00edculo\u00a0<em>M\u00fasica y Reciclaje: tres miradas de un objeto<\/em>.\u00a0<\/p>\n<p>En el a\u00f1o 2018 la violista\u00a0<a href=\"https:\/\/www.georginarossi.com\/\" target=\"_blank\" rel=\"noreferrer noopener\" data-type=\"URL\" data-id=\"https:\/\/www.georginarossi.com\/\">Georgina Rossi<\/a>\u00a0program\u00f3 su obra\u00a0<em>Tololo<\/em>\u00a0en el Bowdoin Internacional Music Festival, en el estado de Maine, USA. El violinista Jorge Marabol\u00ed, por su parte, particip\u00f3 en el XV Festival Internacional de M\u00fasica Contempor\u00e1nea Darwin Vargas con la obra\u00a0<em>VIOLIN, seis micropiezas para viol\u00edn solo,\u00a0<\/em>en Vi\u00f1a del Mar, Chile. Adem\u00e1s obtuvo el segundo lugar en el Concurso de Composici\u00f3n Orquesta Barroca Nuevo Mundo en Rengo, Chile.\u00a0<\/p>\t\t\t\t\t\t<\/div>\n\t\t\t\t<\/div>\n\t\t\t\t\t<\/div>\n\t\t<\/div>\n\t\t\t\t\t<\/div>\n\t\t<\/section>\n\t\t\t\t\t<\/div>\n\t\t<\/div>\n\t\t\t\t\t<\/div>\n\t\t<\/section>\n\t\t\t\t<\/div>\n\t\t","protected":false},"excerpt":{"rendered":"<p>Compositor chileno, Magister en Artes con menci\u00f3n en Composici\u00f3n Musical y Licenciado en Composici\u00f3n en la Universidad de Chile, estudios realizados bajo la gu\u00eda del compositor Fernando Carrasco. Obtuvo el primer lugar en el g\u00e9nero cl\u00e1sico del VII Concurso de Composici\u00f3n Luis Advis, organizado por el Consejo de la Cultura y las Artes del Gobierno de Chile. Estren\u00f3 obras ejecutadas por importantes int\u00e9rpretes y orquestas nacionales e internacionales, destacando a la cantante Carmen Luisa Letelier, las violista Penelope Knuth y Georgina Rossi, el pianista Italiano Stefano Nozzoli y la Orquesta de C\u00e1mara de Chile.\u00a0 Ingres\u00f3 a la\u00a0Asociaci\u00f3n Nacional de Compositores-Chile (ANC)\u00a0en el a\u00f1o 2011 y en el 2014 fue nombrado parte del directorio. Entre los a\u00f1os 2012 &#8211; 2015 preside la\u00a0Ong Germina.Cciones Chile,\u00a0organizadores del curso de perfeccionamiento en composici\u00f3n\u00a0COPIU\u00a0y el\u00a0Festival Prismas\u00a0realizados en el GAM y dependencias de la Universidad Metropolitana de la Ciencias de la Educaci\u00f3n (UMCE).\u00a0 Particip\u00f3 como jurado seleccionador de obras del XV Festival Internacional de M\u00fasica Contempor\u00e1nea organizado por la Facultad de Artes de la Universidad de Chile y en la tercera versi\u00f3n del Concurso de Composici\u00f3n Carlos Riesco, de la Academia de Bellas Artes. En octubre del a\u00f1o 2014 fue entrevistado para el programa Pentagrama de la radio USACH por Walter Krumbach, grabando 25 minutos de conversaci\u00f3n sobre su trayectoria como compositor y 30 minutos de m\u00fasica propia. En el 2015 aprob\u00f3 con distinci\u00f3n m\u00e1xima la defensa de su tesis de Mag\u00edster. Dicho estudios fueron financiados en parte por la beca Conicyt adjudicada el a\u00f1o 2014.\u00a0 Su desarrollo como docente, se enfoc\u00f3 en los cursos de lectura musical impartidos en los proyectos de orquesta de la Municipalidad de Santo Domingo y Curic\u00f3. Otro aporte en su experiencia acad\u00e9mica, fue la ponencia que realiz\u00f3 en las Jornadas Argentinas de M\u00fasica Contempor\u00e1nea e Investigaci\u00f3n JAMCI 2018, presentando su art\u00edculo\u00a0M\u00fasica y Reciclaje: tres miradas de un objeto.\u00a0 En el a\u00f1o 2018 la violista\u00a0Georgina Rossi\u00a0program\u00f3 su obra\u00a0Tololo\u00a0en el Bowdoin Internacional Music Festival, en el estado de Maine, USA. El violinista Jorge Marabol\u00ed, por su parte, particip\u00f3 en el XV Festival Internacional de M\u00fasica Contempor\u00e1nea Darwin Vargas con la obra\u00a0VIOLIN, seis micropiezas para viol\u00edn solo,\u00a0en Vi\u00f1a del Mar, Chile. Adem\u00e1s obtuvo el segundo lugar en el Concurso de Composici\u00f3n Orquesta Barroca Nuevo Mundo en Rengo, Chile.\u00a0<\/p>\n","protected":false},"author":1,"featured_media":0,"parent":0,"menu_order":0,"comment_status":"closed","ping_status":"closed","template":"","meta":{"ngg_post_thumbnail":0,"footnotes":""},"_links":{"self":[{"href":"https:\/\/davidcortes.cl\/index.php\/wp-json\/wp\/v2\/pages\/8"}],"collection":[{"href":"https:\/\/davidcortes.cl\/index.php\/wp-json\/wp\/v2\/pages"}],"about":[{"href":"https:\/\/davidcortes.cl\/index.php\/wp-json\/wp\/v2\/types\/page"}],"author":[{"embeddable":true,"href":"https:\/\/davidcortes.cl\/index.php\/wp-json\/wp\/v2\/users\/1"}],"replies":[{"embeddable":true,"href":"https:\/\/davidcortes.cl\/index.php\/wp-json\/wp\/v2\/comments?post=8"}],"version-history":[{"count":33,"href":"https:\/\/davidcortes.cl\/index.php\/wp-json\/wp\/v2\/pages\/8\/revisions"}],"predecessor-version":[{"id":755,"href":"https:\/\/davidcortes.cl\/index.php\/wp-json\/wp\/v2\/pages\/8\/revisions\/755"}],"wp:attachment":[{"href":"https:\/\/davidcortes.cl\/index.php\/wp-json\/wp\/v2\/media?parent=8"}],"curies":[{"name":"wp","href":"https:\/\/api.w.org\/{rel}","templated":true}]}}